25. Calculate o(-4).
-79
Let q(i) = 4*i**2 - 7*i - 332. Calculate q(-9).
55
Let c(h) = -65*h + 270. Give c(0).
270
Let n(d) = 136*d + 1208. What is n(-6)?
392
Let a(d) = 3*d**3 - 115*d**2 - 79*d + 33. Give a(39).
-6
Let n(d) = d**3 - 24*d**2 - 4*d + 59. Give n(24).
-37
Let w(r) = -8*r + 627. Give w(81).
-21
Let k(r) = 3*r**2 - 52*r - 193. Calculate k(21).
38
Let q(f) = -96*f**2 - 6143*f + 64. What is q(-64)?
0
Let s(k) = k**3 - 23*k**2 + 91*k + 329. Give s(16).
-7
Let q(x) = x**3 - 6*x**2 - 110*x + 207. Give q(13).
-40
Let t(p) = -19*p - 270. What is t(-21)?
129
Let d(c) = -154*c - 918. Determine d(-6).
6
Let k(h) = 9*h**2 + 67*h - 44. Calculate k(-5).
-154
Let v(m) = 3*m**2. Determine v(-6).
108
Let x(c) = -7*c**2 - 90*c - 112. Give x(-10).
88
Let b(y) = -y**2 - 34*y + 264. Calculate b(-31).
357
Let q(u) = -65*u - 7. Give q(-1).
58
Let v(u) = -2*u**2 + 114*u - 17. What is v(0)?
-17
Let t(q) = 2*q**3 - 62*q**2 - 81*q + 652. What is t(32)?
108
Let t(z) = 2*z**2 - 29*z - 42. Calculate t(14).
-56
Let q(a) = -2*a**2 - 290*a + 3757. Give q(-157).
-11
Let j(k) = -k**3 + 12*k**2 - 2*k + 21. Determine j(11).
120
Let b(g) = 15*g + 164. Determine b(-2).
134
Let t(p) = 48*p**2 - 14*p - 7. Calculate t(-2).
213
Let k(v) = v**2 + 151*v + 3823. Give k(-119).
15
Let j(c) = 2*c**3 + 15*c**2 - 13*c - 1. Give j(-8).
39
Let n(w) = -83*w - 700. Give n(-15).
545
Let s(v) = v**3 + 14*v**2 + 11*v - 30. Give s(-13).
-4
Let d(t) = 3*t - 103. Give d(19).
-46
Let q(o) = -68*o - 39. Calculate q(-2).
97
Let d(r) = -r**3 - 13*r**2 - 40*r - 11. Give d(-5).
-11
Let l(f) = 32*f**2 + 100*f + 2. What is l(-3)?
-10
Let s(f) = -f**2 - 44*f - 133. Determine s(-39).
62
Let q(n) = n**3 + n**2 - 4*n - 53. Calculate q(4).
11
Let k(m) = 30*m**2 - 54*m + 167. Calculate k(3).
275
Let s(v) = v**3 + 8*v**2 + 16*v - 5. What is s(-7)?
-68
Let p(x) = -46*x**2 + 12*x - 11. What is p(1)?
-45
Let f(x) = -80*x + 305. What is f(4)?
-15
Let u(s) = -1252*s + 12527. Determine u(10).
7
Let k(l) = 2*l**3 + 238*l**2 + 242*l + 699. What is k(-118)?
-9
Let x(k) = -48*k - 434. Calculate x(-9).
-2
Let k(q) = 3*q**2 - 116*q - 695. Determine k(44).
9
Let t(g) = 3*g**2 + 78*g - 178. Determine t(-28).
-10
Let x(q) = -2*q**2 - 7*q - 7. What is x(6)?
-121
Let r(f) = -3*f**3 + 34*f**2 + 25*f - 14. What is r(12)?
-2
Let w(m) = 2*m**3 + 146*m**2 - 145*m + 211. Determine w(-74).
-11
Let b(y) = 4*y**3 + 27*y**2 - 7*y + 2. Calculate b(-7).
2
Let z(y) = 19*y**2 + 17*y - 33. Give z(5).
527
Let z(f) = f**3 + 10*f**2 - 4*f + 33. What is z(-10)?
73
Let y(k) = 3*k**3 - 22*k**2 + 15*k - 13. Calculate y(6).
-67
Let z(j) = -2*j**3 + 75*j - 21. Calculate z(6).
-3
Let n(k) = -38*k**3 - 4*k**2 + 11*k - 11. Give n(1).
-42
Let n(x) = 15*x - 63. What is n(8)?
57
Let x(w) = -186*w**2 - 11*w + 26. Calculate x(2).
-740
Let j(a) = -8*a**3 - 189*a**2 - 123*a - 179. Give j(-23).
5
Let a(u) = -3*u**3 + 74*u**2 - 47*u + 15. Determine a(24).
39
Let o(t) = 2*t**2 + 35*t + 33. Determine o(-11).
-110
Let k(y) = -83*y - 2107. What is k(-25)?
-32
Let h(p) = 8*p**2 + 201*p + 49. Determine h(-25).
24
Let h(z) = -z**3 - 115*z**2 - 644*z + 65. What is h(-6)?
5
Let x(o) = -o**3 - 12*o**2 + 83*o + 13. What is x(5)?
3
Let g(m) = -m**3 + 14*m**2 + 10*m + 278. Give g(17).
-419
Let w(n) = 22*n - 197. Determine w(11).
45
Let l(g) = -566*g + 14714. What is l(26)?
-2
Let y(s) = -s**2 - 165*s - 2. What is y(0)?
-2
Let c(n) = -17*n + 1176. Calculate c(50).
326
Let b(r) = 2*r**2 + 41*r - 33. What is b(-21)?
-12
Let s(p) = -2*p**3 + 11*p**2 - 22*p + 26. What is s(3)?
5
Let z(g) = g**3 + 43*g**2 - 2090*g - 160. What is z(-72)?
-16
Let q(y) = -125*y + 1. Calculate q(-2).
251
Let k(w) = -w**3 + 47*w**2 - 307*w - 3. Calculate k(8).
37
Let u(v) = -v**3 + 28*v**2 - 2*v + 72. Give u(28).
16
Let p(a) = -a**2 - 32*a - 6. What is p(-8)?
186
Let a(g) = 1077*g - 15075. Determine a(14).
3
Let q(i) = -7*i - 128. Give q(-20).
12
Let u(q) = -3*q**3 - 128*q**2 + 44*q + 41. Give u(-43).
-2
Let p(o) = 17*o**2 + 109*o + 8. What is p(-7)?
78
Let b(q) = 179*q - 897. What is b(5)?
-2
Let c(t) = -11*t**3 + 135*t**2 - 6*t - 12. What is c(12)?
348
Let l(i) = -16*i + 2776. What is l(175)?
-24
Let l(v) = 67*v**2 - 11*v. What is l(-2)?
290
Let t(w) = 84*w - 3277. Give t(39).
-1
Let f(q) = -2*q**3 - 119*q**2 + 180*q - 184. Give f(-61).
-1
Let v(o) = 52*o - 4392. What is v(84)?
-24
Let t(p) = -p**3 - 24*p**2 + 323*p + 859. Calculate t(-33).
1
Let l(i) = 4*i**3 + 80*i**2 - 77*i + 144. Give l(-21).
-3
Let a(q) = -2673*q - 18701. What is a(-7)?
10
Let d(k) = 1101*k + 18714. What is d(-17)?
-3
Let f(a) = -39*a - 16. Give f(-7).
257
Let n(a) = a**3 + 6*a**2 + 25*a + 99. Determine n(-5).
-1
Let t(i) = -16*i - 867. Calculate t(-55).
13
Let v(u) = -5*u**3 + 3*u**2 + 7*u - 43. Calculate v(-2).
-5
Let r(b) = -131*b - 2099. Determine r(-16).
-3
Let v(r) = -119*r - 221. Determine v(-3).
136
Let u(z) = -196*z - 8. Give u(0).
-8
Let o(d) = -d**3 + 11*d**2 + 2*d - 14. Calculate o(9).
166
Let n(z) = 224*z - 1122. What is n(5)?
-2
Let n(u) = -6*u + 5. What is n(30)?
-175
Let g(z) = -z**3 - 11*z**2 - 48*z - 73. Calculate g(-4).
7
Let l(o) = -o**2 - 53*o - 356. Determine l(-46).
-34
Let g(j) = 2*j**2 + 63*j + 182. Give g(-18).
-304
Let b(m) = 186*m - 7. Calculate b(-1).
-193
Let v(t) = 2*t**3 - 64*t**2 - 2*t + 73. Determine v(32).
9
Let u(g) = g**3 - 11*g**2 - 180*g - 57. Calculate u(-9).
-57
Let z(n) = 47*n + 367. What is z(-9)?
-56
Let c(s) = 6*s**2 - 403*s + 66. What is c(67)?
-1
Let g(s) = -410*s**2 - 422*s - 17. Calculate g(-1).
-5
Let i(a) = -36*a + 516. Give i(16).
-60
Let s(h) = 51*h + 670. Give s(-13).
7
Let u(n) = n**2 + 25*n - 315. Give u(17).
399
Let m(l) = -2*l**2 + 143*l + 289. Determine m(-2).
-5
Let n(t) = 301*t - 9301. Determine n(31).
30
Let s(q) = -12*q**3 - 59*q**2 + 7*q + 11. Calculate s(-5).
1
Let x(s) = s**3 + 11*s**2 + 3*s + 13. Calculate x(-10).
83
Let j(c) = 8*c**2 + 230*c - 57. Determine j(-29).
1
Let j(o) = -92*o**2 + 2390*o + 50. What is j(26)?
-2
Let u(j) = -j**3 - 101*j**2 + 1353*j - 375. Give u(-113).
-36
Let c(s) = 592*s - 20135. Give c(34).
-7
Let k(w) = -w + 1. Give k(-2).
3
Let y(l) = l**3 + 18*l**2 + 59*l + 29. Calculate y(-13).
107
Let z(j) = 7625*j - 76253. Determine z(10).
-3
Let r(y) = y**3 - 7*y**2 + 5*y. Give r(5).
-25
Let x(v) = 11*v - 116. What is x(-19)?
-325
Let k(x) = 10*x**3 - 70*x**2 - x - 15. Determine k(7).
-22
Let r(k) = -2*k**3 - 5*k**2 + 22*k + 85. Determine r(-6).
205
Let z(c) = -c**3 + 12*c**2 + 15*c - 12. Determine z(13).
14
Let j(y) = -11*y**2 + 44*y + 3. What is j(4)?
3
Let z(i) = 6*i**3 + 2*i**2 - 4*i + 2. What is z(3)?
170
Let l(t) = -2*t**3 - 88*t**2 - 802*t + 45. Calculate l(-13).
-7
Let g(k) = 97*k + 15325. Give g(-158).
-1
Let t(c) = 17*c**2 - 16*c + 30. Give t(6).
546
Let g(w) = -5*w**2 + 146*w + 73. Determine g(30).
-47
Let n(w) = -5*w**2 + 17*w - 73. What is n(9)?
-325
Let v(k) = k**3 + 9*k**2 + 14*k - 50. Calculate v(-6).
-26
Let u(n) = -12*n + 61. Determine u(7).
-23
Let i(k) = k**2 + 96*k + 1279. Calculate i(-16).
-1
Let s(f) = -f**3 + 21*f**2 - 86*f - 183. What is s(9)?
15
Let c(w) = w**3 - 9*w**2 + 529*w - 3068. Calculate c(6).
-2
Let t(w) = 3*w**3 + 2*w**2 - 9*w - 11. Give t(-2).
-9
Let a(y) = y**3 + 16*y**2 + 8*y - 7. What is a(-13)?
396
Let x(d) = -d**3 - 7*d**2 + 10*d + 9. Determine x(4).
-127
Let z(q) = 1401*q - 42041. Give z(30).
-11
Let y(k) = -193*k - 2889. What is y(-15)?
6
Let o(t) = -t**3 - 19*t**2 - 63*t + 23. Give o(-14).
-75
Let f(b) = -25*b - 1478. Give f(-52).
-178
Let s(i) = 14*i - 942. Determine s(69).
24
Let a(v) = -78*v + 4062. Determine a(52).
6
Let j(h) = -h**2 + 38*h - 60. Determine j(39).
-99
Let j(s) = 2*s**2 - 2*s - 613. Give j(18).
-1
Let b(z) = 4*z + 69. Give b(-14).
13
Let t(k) = -5*k - 411. What is t(-52)?
-151
Let n(d) = -14*d**2 - 56*d + 6. Calculate n(-4).
6
Let n(a) = -80*a + 1285. Calculate n(16).
5
Let q(g) = -7*g + 435. Determine q(41).
148
Let j(d) = -480*d - 12959. What is j(-27)?
1
Let m(h) = -h**3 - 18*h**2 - 30*h + 36. What is m(-15)?
-189
Let o(s) = -1434*s + 18627. Calculate o(13).
-15
Let b(x) = -28*x + 2032. Give b(72).
16
Let r(v) = 233*v + 4422. What is r(-19)?
-5
Let c(y) = 6*y**2 - 38*y + 75. What is c(4)?
19
Let f(d) = 2*d**2 + 146*d + 417. Calculate f(-70).
-3
Let l(j) = -2*j**3 + 29*j